{"id":28626,"date":"2025-02-27T19:34:25","date_gmt":"2025-02-27T19:34:25","guid":{"rendered":"https:\/\/mypsacperu.com\/?post_type=product&#038;p=28626"},"modified":"2025-02-27T19:34:25","modified_gmt":"2025-02-27T19:34:25","slug":"mouse-usb-cybertel-storm","status":"publish","type":"product","link":"https:\/\/mypsacperu.com\/index.php\/producto\/mouse-usb-cybertel-storm\/","title":{"rendered":"MOUSE USB CYBERTEL STORM"},"content":{"rendered":"<p>Mouse \u00d3ptico con cable, alta sensibilidad de 1000 dpi, conexi\u00f3n USB, scroll: para ahorrar tiempo y evitar molestias en la mu\u00f1eca, colores: rosa y blanco, acabado brillante, compatible con Windows y otros.<\/p>\n<div>\n<ul>\n<li><i>Mouse \u00d3ptico\u00a0<\/i><i>con Cable.<\/i><\/li>\n<li><i>Alta Sensibilidad de 1000 DPI.\u00a0<\/i><\/li>\n<li><i>Conexi\u00f3n USB.<\/i><\/li>\n<li><i>Scroll: Para Ahorrar Tiempo y Evitar\u00a0Molestias en la Mu\u00f1eca.<\/i><\/li>\n<\/ul>\n<\/div>\n<div>Colores: Rosa y Blanco.<\/div>\n<div>Acabado Brillante.<\/div>\n<div>Compatible S.O: Windows y Otros.<\/div>\n","protected":false},"excerpt":{"rendered":"<p>Mouse \u00d3ptico con cable, alta sensibilidad de 1000 dpi, conexi\u00f3n USB, scroll: para ahorrar tiempo y evitar molestias en la<\/p>\n","protected":false},"featured_media":28627,"template":"","meta":[],"product_cat":[87],"product_tag":[],"class_list":{"0":"post-28626","1":"product","2":"type-product","3":"status-publish","4":"has-post-thumbnail","6":"product_cat-teclado-y-mouse-inalambrico","8":"first","9":"instock","10":"shipping-taxable","11":"purchasable","12":"product-type-simple"},"_links":{"self":[{"href":"https:\/\/mypsacperu.com\/index.php\/wp-json\/wp\/v2\/product\/28626","targetHints":{"allow":["GET"]}}],"collection":[{"href":"https:\/\/mypsacperu.com\/index.php\/wp-json\/wp\/v2\/product"}],"about":[{"href":"https:\/\/mypsacperu.com\/index.php\/wp-json\/wp\/v2\/types\/product"}],"version-history":[{"count":1,"href":"https:\/\/mypsacperu.com\/index.php\/wp-json\/wp\/v2\/product\/28626\/revisions"}],"predecessor-version":[{"id":28628,"href":"https:\/\/mypsacperu.com\/index.php\/wp-json\/wp\/v2\/product\/28626\/revisions\/28628"}],"wp:featuredmedia":[{"embeddable":true,"href":"https:\/\/mypsacperu.com\/index.php\/wp-json\/wp\/v2\/media\/28627"}],"wp:attachment":[{"href":"https:\/\/mypsacperu.com\/index.php\/wp-json\/wp\/v2\/media?parent=28626"}],"wp:term":[{"taxonomy":"product_cat","embeddable":true,"href":"https:\/\/mypsacperu.com\/index.php\/wp-json\/wp\/v2\/product_cat?post=28626"},{"taxonomy":"product_tag","embeddable":true,"href":"https:\/\/mypsacperu.com\/index.php\/wp-json\/wp\/v2\/product_tag?post=28626"}],"curies":[{"name":"wp","href":"https:\/\/api.w.org\/{rel}","templated":true}]}}