{"id":28673,"date":"2025-03-04T17:08:53","date_gmt":"2025-03-04T17:08:53","guid":{"rendered":"https:\/\/mypsacperu.com\/?post_type=product&#038;p=28673"},"modified":"2025-03-04T17:08:53","modified_gmt":"2025-03-04T17:08:53","slug":"mouse-cyb-m502w-cybertel","status":"publish","type":"product","link":"https:\/\/mypsacperu.com\/index.php\/producto\/mouse-cyb-m502w-cybertel\/","title":{"rendered":"MOUSE  CYB M502W CYBERTEL"},"content":{"rendered":"<table class=\"table table-bordered text-small\">\n<tbody>\n<tr>\n<td colspan=\"5\" scope=\"row\">Mouse \u00d3ptico Gamer.<\/td>\n<\/tr>\n<tr>\n<td colspan=\"5\" scope=\"row\">DPI graduable de 1000\/1600\/2400\/3200: Para M\u00e1xima Precisi\u00f3n y Rapidez de Acci\u00f3n.<\/td>\n<\/tr>\n<tr>\n<td colspan=\"5\" scope=\"row\">Conexi\u00f3n USB.<\/td>\n<\/tr>\n<tr>\n<td colspan=\"5\" scope=\"row\">\n<div>6 Botones de Funci\u00f3n, Incluye Funciones de Avance y Retroceso.<\/div>\n<\/td>\n<\/tr>\n<tr>\n<td colspan=\"5\" scope=\"row\">\n<div>Filtro Antielectromagn\u00e9tico Para Evitar Interferencia Electromagn\u00e9tica.<\/div>\n<\/td>\n<\/tr>\n<tr>\n<td colspan=\"5\" scope=\"row\">\n<div>Iluminaci\u00f3n LED de 7 Colores.<\/div>\n<\/td>\n<\/tr>\n<tr>\n<td colspan=\"5\" scope=\"row\">\n<div>F\u00e1cil Desplazamiento (Scroll); Ahorre Tiempo y Evite Molestias en la Mu\u00f1eca.<\/div>\n<\/td>\n<\/tr>\n<tr>\n<td colspan=\"5\" scope=\"row\">\n<div>Peso Extra Para Mayor Estabilidad.<\/div>\n<\/td>\n<\/tr>\n<tr>\n<td colspan=\"5\" scope=\"row\">\n<div>Dise\u00f1o Ergon\u00f3mico: Para una Mayor Comodidad en sus Manos.<\/div>\n<\/td>\n<\/tr>\n<tr>\n<td colspan=\"5\" scope=\"row\">Cable de Nylon Trenzado de 1.5 mts.<\/td>\n<\/tr>\n<tr>\n<td colspan=\"5\" scope=\"row\">\n<div>Acabado Rubber.<\/div>\n<\/td>\n<\/tr>\n<tr>\n<td colspan=\"5\" scope=\"row\">Compatible con Sistemas Operativos Windows.<\/td>\n<\/tr>\n<\/tbody>\n<\/table>\n","protected":false},"excerpt":{"rendered":"<p>Mouse \u00d3ptico Gamer. DPI graduable de 1000\/1600\/2400\/3200: Para M\u00e1xima Precisi\u00f3n y Rapidez de Acci\u00f3n. Conexi\u00f3n USB. 6 Botones de Funci\u00f3n,<\/p>\n","protected":false},"featured_media":28674,"template":"","meta":[],"product_cat":[87],"product_tag":[],"class_list":{"0":"post-28673","1":"product","2":"type-product","3":"status-publish","4":"has-post-thumbnail","6":"product_cat-teclado-y-mouse-inalambrico","8":"first","9":"instock","10":"shipping-taxable","11":"purchasable","12":"product-type-simple"},"_links":{"self":[{"href":"https:\/\/mypsacperu.com\/index.php\/wp-json\/wp\/v2\/product\/28673","targetHints":{"allow":["GET"]}}],"collection":[{"href":"https:\/\/mypsacperu.com\/index.php\/wp-json\/wp\/v2\/product"}],"about":[{"href":"https:\/\/mypsacperu.com\/index.php\/wp-json\/wp\/v2\/types\/product"}],"version-history":[{"count":2,"href":"https:\/\/mypsacperu.com\/index.php\/wp-json\/wp\/v2\/product\/28673\/revisions"}],"predecessor-version":[{"id":28676,"href":"https:\/\/mypsacperu.com\/index.php\/wp-json\/wp\/v2\/product\/28673\/revisions\/28676"}],"wp:featuredmedia":[{"embeddable":true,"href":"https:\/\/mypsacperu.com\/index.php\/wp-json\/wp\/v2\/media\/28674"}],"wp:attachment":[{"href":"https:\/\/mypsacperu.com\/index.php\/wp-json\/wp\/v2\/media?parent=28673"}],"wp:term":[{"taxonomy":"product_cat","embeddable":true,"href":"https:\/\/mypsacperu.com\/index.php\/wp-json\/wp\/v2\/product_cat?post=28673"},{"taxonomy":"product_tag","embeddable":true,"href":"https:\/\/mypsacperu.com\/index.php\/wp-json\/wp\/v2\/product_tag?post=28673"}],"curies":[{"name":"wp","href":"https:\/\/api.w.org\/{rel}","templated":true}]}}