{"id":28795,"date":"2025-03-06T18:27:15","date_gmt":"2025-03-06T18:27:15","guid":{"rendered":"https:\/\/mypsacperu.com\/?post_type=product&#038;p=28795"},"modified":"2025-03-06T18:27:15","modified_gmt":"2025-03-06T18:27:15","slug":"switch-tp-link-tl-sf1005d-5-puertos-10-100mbps","status":"publish","type":"product","link":"https:\/\/mypsacperu.com\/index.php\/producto\/switch-tp-link-tl-sf1005d-5-puertos-10-100mbps\/","title":{"rendered":"SWITCH TP-LINK TL-SF1005D | 5 PUERTOS | 10\/100MBPS"},"content":{"rendered":"<ul>\n<li>5 puertos RJ45 a 10\/100 Mbps con detecci\u00f3n autom\u00e1tica de velocidad, soporte para MDI\/MDIX autom\u00e1tico.<\/li>\n<li>Tecnolog\u00eda de ahorro de energ\u00eda para Ethernet que reduce el consumo hasta un 60%.<\/li>\n<li>El control de flujo IEEE 802.3x permite una transmisi\u00f3n fiable de datos.<\/li>\n<\/ul>\n","protected":false},"excerpt":{"rendered":"<p>5 puertos RJ45 a 10\/100 Mbps con detecci\u00f3n autom\u00e1tica de velocidad, soporte para MDI\/MDIX autom\u00e1tico. Tecnolog\u00eda de ahorro de energ\u00eda<\/p>\n","protected":false},"featured_media":28797,"template":"","meta":[],"product_cat":[79],"product_tag":[],"class_list":{"0":"post-28795","1":"product","2":"type-product","3":"status-publish","4":"has-post-thumbnail","6":"product_cat-router-y-redes-inalambricos","8":"first","9":"instock","10":"shipping-taxable","11":"purchasable","12":"product-type-simple"},"_links":{"self":[{"href":"https:\/\/mypsacperu.com\/index.php\/wp-json\/wp\/v2\/product\/28795","targetHints":{"allow":["GET"]}}],"collection":[{"href":"https:\/\/mypsacperu.com\/index.php\/wp-json\/wp\/v2\/product"}],"about":[{"href":"https:\/\/mypsacperu.com\/index.php\/wp-json\/wp\/v2\/types\/product"}],"version-history":[{"count":1,"href":"https:\/\/mypsacperu.com\/index.php\/wp-json\/wp\/v2\/product\/28795\/revisions"}],"predecessor-version":[{"id":28798,"href":"https:\/\/mypsacperu.com\/index.php\/wp-json\/wp\/v2\/product\/28795\/revisions\/28798"}],"wp:featuredmedia":[{"embeddable":true,"href":"https:\/\/mypsacperu.com\/index.php\/wp-json\/wp\/v2\/media\/28797"}],"wp:attachment":[{"href":"https:\/\/mypsacperu.com\/index.php\/wp-json\/wp\/v2\/media?parent=28795"}],"wp:term":[{"taxonomy":"product_cat","embeddable":true,"href":"https:\/\/mypsacperu.com\/index.php\/wp-json\/wp\/v2\/product_cat?post=28795"},{"taxonomy":"product_tag","embeddable":true,"href":"https:\/\/mypsacperu.com\/index.php\/wp-json\/wp\/v2\/product_tag?post=28795"}],"curies":[{"name":"wp","href":"https:\/\/api.w.org\/{rel}","templated":true}]}}