{"id":28839,"date":"2025-03-19T18:18:39","date_gmt":"2025-03-19T18:18:39","guid":{"rendered":"https:\/\/mypsacperu.com\/?post_type=product&#038;p=28839"},"modified":"2025-03-19T18:18:39","modified_gmt":"2025-03-19T18:18:39","slug":"parlante-handy-ev-501","status":"publish","type":"product","link":"https:\/\/mypsacperu.com\/index.php\/producto\/parlante-handy-ev-501\/","title":{"rendered":"PARLANTE HANDY &#8211; EV 501"},"content":{"rendered":"<table class=\"table table-bordered text-small\" width=\"558\">\n<tbody>\n<tr>\n<td nowrap=\"nowrap\">\n<p align=\"center\"><strong>Caracter\u00edsticas<\/strong><\/p>\n<\/td>\n<\/tr>\n<tr>\n<td nowrap=\"nowrap\">Hand Bluetooth Speaker.<\/td>\n<\/tr>\n<tr>\n<td nowrap=\"nowrap\">Conexi\u00f3n BT: Estable de largo alcance.<\/td>\n<\/tr>\n<tr>\n<td nowrap=\"nowrap\">Bater\u00eda Interna Recargable de Litio.<\/td>\n<\/tr>\n<tr>\n<td nowrap=\"nowrap\">Lector de Memorias USB \/\u00a0Micro SD.<\/td>\n<\/tr>\n<tr>\n<td nowrap=\"nowrap\">Sintonizador de Radio FM.<\/td>\n<\/tr>\n<tr>\n<td nowrap=\"nowrap\">Conexi\u00f3n de Carga: USB Tipo C.<\/td>\n<\/tr>\n<tr>\n<td nowrap=\"nowrap\">Deep Bass: Membrana Ac\u00fastica (Mejora Efecto de Bajos).<\/td>\n<\/tr>\n<tr>\n<td nowrap=\"nowrap\">Botones para Control de Volumen y Otros.<\/td>\n<\/tr>\n<tr>\n<td nowrap=\"nowrap\"><strong>Incluye:<\/strong><\/p>\n<ul>\n<li>Cable de Carga.<\/li>\n<\/ul>\n<\/td>\n<\/tr>\n<tr>\n<td nowrap=\"nowrap\">Compatible: Smartphone, Tablet, Laptop, PC, TV, DVD y Otros Equipos de Audio.<\/td>\n<\/tr>\n<\/tbody>\n<\/table>\n","protected":false},"excerpt":{"rendered":"<p>Caracter\u00edsticas Hand Bluetooth Speaker. Conexi\u00f3n BT: Estable de largo alcance. Bater\u00eda Interna Recargable de Litio. Lector de Memorias USB \/\u00a0Micro<\/p>\n","protected":false},"featured_media":28841,"template":"","meta":[],"product_cat":[20,90],"product_tag":[],"class_list":{"0":"post-28839","1":"product","2":"type-product","3":"status-publish","4":"has-post-thumbnail","6":"product_cat-accesorios-y-partes-de-computadora","7":"product_cat-parlantes","9":"first","10":"instock","11":"shipping-taxable","12":"purchasable","13":"product-type-simple"},"_links":{"self":[{"href":"https:\/\/mypsacperu.com\/index.php\/wp-json\/wp\/v2\/product\/28839","targetHints":{"allow":["GET"]}}],"collection":[{"href":"https:\/\/mypsacperu.com\/index.php\/wp-json\/wp\/v2\/product"}],"about":[{"href":"https:\/\/mypsacperu.com\/index.php\/wp-json\/wp\/v2\/types\/product"}],"version-history":[{"count":2,"href":"https:\/\/mypsacperu.com\/index.php\/wp-json\/wp\/v2\/product\/28839\/revisions"}],"predecessor-version":[{"id":28844,"href":"https:\/\/mypsacperu.com\/index.php\/wp-json\/wp\/v2\/product\/28839\/revisions\/28844"}],"wp:featuredmedia":[{"embeddable":true,"href":"https:\/\/mypsacperu.com\/index.php\/wp-json\/wp\/v2\/media\/28841"}],"wp:attachment":[{"href":"https:\/\/mypsacperu.com\/index.php\/wp-json\/wp\/v2\/media?parent=28839"}],"wp:term":[{"taxonomy":"product_cat","embeddable":true,"href":"https:\/\/mypsacperu.com\/index.php\/wp-json\/wp\/v2\/product_cat?post=28839"},{"taxonomy":"product_tag","embeddable":true,"href":"https:\/\/mypsacperu.com\/index.php\/wp-json\/wp\/v2\/product_tag?post=28839"}],"curies":[{"name":"wp","href":"https:\/\/api.w.org\/{rel}","templated":true}]}}